re the prime factors of f(3)?
3, 53
Suppose w - 11856 = 3*j, -3*w + 540*j - 537*j + 35544 = 0. What are the prime factors of w?
2, 3, 7, 47
Suppose -165467 = -23*f + 324364. What are the prime factors of f?
3, 31, 229
What are the prime factors of (0 - 43987)*(437 + -438)?
43987
Let d be 1/(-2 + (-5)/(-875)*349). Let q = 237 + d. What are the prime factors of q?
2, 31
Let j(z) = 12*z - z - 2*z - 33*z - 9. Let d be j(-5). Suppose 0 = -2*w + 10, -k + 6*w - w + d = 0. What are the prime factors of k?
2, 17
Let m(s) = 15*s**2 + 121*s. Let t be m(-11). Let i = 1831 - t. What are the prime factors of i?
3, 449
Suppose -x - q + 40 = 0, 4*x + 0*q + 5*q = 156. Let k = 197 + x. What are the prime factors of k?
241
Let m(l) = -3*l**2 + 30*l - 40. Let y(p) = -p**2 + 16*p - 20. Let c(n) = -6*m(n) + 13*y(n). What are the prime factors of c(-12)?
2, 7, 13
Suppose 81*g - 83*g - y + 38016 = 0, 4*y = 3*g - 56991. List the prime factors of g.
3, 5, 7, 181
Suppose 13*i - 5011 = 3751. Suppose -i*z = -672*z - 418. List the prime factors of z.
11, 19
Suppose 1 = -5*t + 6. Let k be 7/3*3*t. Let n(d) = 15*d - 35. List the prime factors of n(k).
2, 5, 7
Let c(j) = -2*j**3 - 38*j**2 - 50*j - 19. List the prime factors of c(-25).
8731
Let j = 424 - 84. What are the prime factors of (j/238)/(1/707)?
2, 5, 101
Suppose 41 + 39 = 4*l. Let k be -3 + 105/l - 2/8. Suppose -5*w - 2*p + 222 - 68 = 0, p = k. List the prime factors of w.
2, 3, 5
Let m = -4138 + 9355. What are the prime factors of m?
3, 37, 47
Let g(h) = -4*h - 17. Let q be g(-5). Suppose 5*w - 34 - 38 = -q*z, -4*z = -4*w + 64. Suppose -3*v - 2*v + w = 0. What are the prime factors of v?
3
Let o(k) = -k**3 - 18*k**2 - 17*k + 61. Let a be -2 - -1 - (1 + 16). What are the prime factors of o(a)?
367
Suppose 2*u + 10 = -3*u, 5*c - 2*u = 14319. Let n = c + -1874. What are the prime factors of n?
23, 43
What are the prime factors of 4/(-11) + (-7609542)/(-319)?
2, 11927
Let f(h) = 22*h**2 + 144*h - 33. List the prime factors of f(-7).
37
Let a = 82635 + -57025. List the prime factors of a.
2, 5, 13, 197
Suppose -607*n - 15530 = -611*n + 55438. List the prime factors of n.
2, 3, 2957
Suppose 0 = m - 3 + 1, 2*m + 22112 = b. List the prime factors of b.
2, 3, 19, 97
Let u(h) = -h**3 - 3*h**2 + 3*h + 8. Let i(z) = -z**2. Let g(x) = 2*i(x) - u(x). Let n be g(5). Suppose 38 = -b + n. List the prime factors of b.
89
Suppose 309709 = 4*t + 156681. What are the prime factors of t?
67, 571
Suppose 7*o = 5*o. Suppose o = 3*y - 10*y + 378. Suppose b = q - 40, 5*q = -2*b + y + 118. What are the prime factors of q?
2, 3
Let w be ((-6)/(-9))/((-4)/(-6)) + 4. Suppose -125 + 30 = -w*j. Suppose -83 = -d - j. What are the prime factors of d?
2
Let r(j) be the second derivative of -3*j**5/10 + j**4/12 - j**3 + j - 65. List the prime factors of r(-5).
5, 7, 23
Let c = -34 + 24. List the prime factors of 1444*(c + 9)/(4*-1).
19
Let w be (-205)/(-4) - 63/(-84). Suppose 55*b - w*b - 6 = 0. Suppose s = 5, -b*s + 18 = 2*g + 4. List the prime factors of g.
2
Let g(b) be the first derivative of b**4/2 - 4*b**3 + b + 6. Let f be g(6). List the prime factors of (7 + -1)/f*297/22.
3
Suppose 3*k = -2*c + 86, -5*c + 162 = -k - 53. List the prime factors of (c/(-2) + -2)*18/(-3).
3, 47
Suppose 3*n - q + 3*q - 113 = 0, n - 39 = -2*q. Suppose 0 = 34*g - n*g + 1164. What are the prime factors of g?
2, 97
Let q(b) be the first derivative of -b**3 + 3*b**2/2 + 2*b + 15. Let g be q(2). List the prime factors of g/10 + 435/25.
17
Let k = 7368 - -1372. List the prime factors of k.
2, 5, 19, 23
Let n(o) = -54*o**3 - 2*o**2 + o + 2. Let p = -205 - -203. What are the prime factors of n(p)?
2, 53
Suppose -g + 305 - 88 = 0. Let y = g - -187. What are the prime factors of y?
2, 101
Suppose -15*f - 40*f = 31*f - 250260. What are the prime factors of f?
2, 3, 5, 97
Suppose -10*r - 8*r = -54. Suppose 3*f = g + 1511, 2*f - r*f - 4*g = -521. List the prime factors of f.
5, 101
Let v be (1 + (-8)/(8/2))*-3. Suppose 2*b = -v*b + 20. Suppose 0 = -4*g - 3*j + j + 376, -362 = -b*g + 5*j. What are the prime factors of g?
3, 31
Let p(b) = -b**3 - 10*b**2 - 14*b + 21. Let d be p(-8). Suppose -d*y + 3349 = -3256. List the prime factors of y.
1321
Let s(v) be the first derivative of 0*v - 23 + 29/2*v**4 + 0*v**2 + 0*v**3. List the prime factors of s(1).
2, 29
Let u(b) = -b**2 + 44*b + 98. Let d be u(46). List the prime factors of d*9/(-27) + (-942)/(-1).
2, 5, 47
Suppose 5*a = -4*u + 8, 5*u = 2*a - 0*u + 10. Suppose a*f + 3*f = 444. List the prime factors of f.
2, 37
Let o be (-12)/(-18)*(30/4 - 0). Suppose 2*r = -2*r + 5*r. Suppose 4*q - 1074 = 4*d + 58, 5*q + o*d - 1465 = r. What are the prime factors of q?
2, 3
List the prime factors of 3662*8 - (341 - 323).
2, 14639
Let v(k) be the third derivative of -k**6/120 - k**5/20 + 3*k**4/8 + 5*k**3/3 - k**2. Let d = 4319 + -4325. What are the prime factors of v(d)?
2
List the prime factors of (-73834)/(-15) + 336/(-1260).
2, 23, 107
Let i = 755 - 1178. Let z = i - -492. What are the prime factors of z?
3, 23
Let b be -3 + 1 + 0/(-2). Let o be (-10000)/(-36) - b/9. Suppose -4*y + o = -2*y. List the prime factors of y.
139
Suppose 0 = 3*v - 14*v + 16*v - 199945. What are the prime factors of v?
39989
Let s(k) = -k**3 + 12*k**2. Let c be s(12). Suppose -411 = -3*b - c*b - 3*g, -554 = -4*b + 2*g. Let x = b - -37. List the prime factors of x.
5, 7
Suppose 3*y - 5488 = -t, -57*y + 60*y = -2*t + 10994. List the prime factors of t.
2, 2753
Let a be (2/(-7))/(3/21). Let k be 0*a/6 + 3. Suppose 0 = -j - k*j + 692. List the prime factors of j.
173
Suppose 0 = -2*b + 3*w + 935, 2*w + 922 = 2*b - 14. Let s = b - 152. What are the prime factors of s?
317
Suppose -64*m + 725023 + 357857 = 0. What are the prime factors of m?
2, 3, 5, 47
Suppose 16*q = 59850 + 8934. List the prime factors of q.
3, 1433
Suppose 15 = 3*j + g, 0*j - 2*j + g + 15 = 0. Let s be 27/(-6)*3/(27/j). What are the prime factors of (-2 + -4)/s - -38?
2, 5
Suppose 167 - 1487 = 6*x. Let q = -181 - x. What are the prime factors of q?
3, 13
Suppose -3*w + 4*u = -19, 7*w = 4*w + 5*u + 17. Let k be (848/20)/((-1)/5). Let a = w - k. What are the prime factors of a?
13, 17
Let h = 135695 - 65701. What are the prime factors of h?
2, 79, 443
Suppose -l + 4 = 0, -166*n + 170*n = -2*l + 440. List the prime factors of n.
2, 3
Let m be 1/(4/(16 + 4)). Suppose -m = 10*i - 35. Suppose -i*d - 3*s + 273 = 0, s = 5*d - 3*s - 455. What are the prime factors of d?
7, 13
Let r be (-1 - 0)/(-1 + 5/10). Let y be r/(2*(-2)/(-616)) - -1. Suppose -3*j + y = -0*o + 3*o, -j - 103 = -o. What are the prime factors of o?
103
Let l(i) = -2*i - 11. Let s be l(4). Let j = 36 + s. Let t = j - 11. List the prime factors of t.
2, 3
Let c(d) = 3*d**3 + d**2 - 3*d + 2. Let t(g) be the third derivative of -g**4/24 - 4*g**3/3 - 18*g**2. Let r be t(-9). List the prime factors of c(r).
3
Let d be 28 + -30 - -4*1. Suppose 5*o - 6*w - 120 = -d*w, -2*w = -5*o + 110. Let l(f) = f**3 - 20*f**2 + 5*f + 4. List the prime factors of l(o).
2, 13
Let m = -9 - -9. Suppose 3*p + p = m, 4*p + 398 = g. List the prime factors of g.
2, 199
Suppose -8*n + 42*n - 544 = 0. Suppose 4*r + 21*k = n*k + 1207, -4*r = 2*k - 1222. What are the prime factors of r?
2, 7, 11
Suppose -2*s + 2*h + 14 = 0, 4*s + h = 16 + 2. Suppose -m - m = 8, -s*f = -5*m - 1770. Suppose 4*q - f = -5*o, -4*q + q = 0. List the prime factors of o.
2, 5, 7
Suppose -5*f + 4*g = -0*f - 4070, 4*f - 3292 = -4*g. Suppose 4*h = -4*r + 1536, 38 = -2*r + 2*h + f. List the prime factors of r.
3, 43
Suppose 151*n + 177*n + 1007166 = 16449406. What are the prime factors of n?
2, 5, 11, 107
Suppose -3*s - 364 = -10*s. Suppose 0 = -56*k + s*k + 280. What are the prime factors of k?
2, 5, 7
Let u(o) = o**3 - 19 + o**3 + 9 + 8*o**2 - o + 7. Let j be u(-4). List the prime factors of 7891/39 - j/3.
2, 101
Suppose 5*p + 20 = 0, -2*s - p + 672 = 4*p. Suppose -2*g + 370 = -s. List the prime factors of g.
2, 179
Suppose 6*w = 3*w + 135. Suppose 0 = 4*b + 3*n + 100, -4*b - 22 = -3*n + 102. Let i = w + b. List the prime factors of i.
17
Let h(c) = 530*c + 96. Let t be h(2). Let s = -749 + t. List the prime factors of s.
11, 37
Let y = -273 + 278. Suppose 1235 = 5*g + y*p, 6*g - 4*g - 3*p - 479 